{"id":18487,"date":"2024-06-15T18:29:15","date_gmt":"2024-06-15T18:29:15","guid":{"rendered":"https:\/\/parafia-lipusz.pl\/?page_id=18487"},"modified":"2024-06-15T18:29:15","modified_gmt":"2024-06-15T18:29:15","slug":"piesza-pielgrzymka-do-koscierzyny-2","status":"publish","type":"page","link":"https:\/\/parafia-lipusz.pl\/?page_id=18487","title":{"rendered":"Piesza pielgrzymka do Ko\u015bcierzyny"},"content":{"rendered":"<p>W sobot\u0119 15 czerwca 130 os\u00f3b uda\u0142o si\u0119 na piesz\u0105 pielgrzymk\u0119 do Sanktuarium Matki Bo\u017cej Kr\u00f3lowej Rodzin w Ko\u015bcierzynie. Dzi\u0119kujemy za dar wsp\u00f3lnego pielgrzymowania&#8230;<\/p>\nngg_shortcode_0_placeholder\n","protected":false},"excerpt":{"rendered":"<p>W sobot\u0119 15 czerwca 130 os\u00f3b uda\u0142o si\u0119 na piesz\u0105 pielgrzymk\u0119 do Sanktuarium Matki Bo\u017cej Kr\u00f3lowej Rodzin w Ko\u015bcierzynie. Dzi\u0119kujemy za dar wsp\u00f3lnego pielgrzymowania&#8230;<\/p>\n","protected":false},"author":1,"featured_media":0,"parent":0,"menu_order":0,"comment_status":"closed","ping_status":"closed","template":"","meta":{"ngg_post_thumbnail":0,"footnotes":""},"class_list":["post-18487","page","type-page","status-publish","hentry","nodate","item-wrap"],"_links":{"self":[{"href":"https:\/\/parafia-lipusz.pl\/index.php?rest_route=\/wp\/v2\/pages\/18487","targetHints":{"allow":["GET"]}}],"collection":[{"href":"https:\/\/parafia-lipusz.pl\/index.php?rest_route=\/wp\/v2\/pages"}],"about":[{"href":"https:\/\/parafia-lipusz.pl\/index.php?rest_route=\/wp\/v2\/types\/page"}],"author":[{"embeddable":true,"href":"https:\/\/parafia-lipusz.pl\/index.php?rest_route=\/wp\/v2\/users\/1"}],"replies":[{"embeddable":true,"href":"https:\/\/parafia-lipusz.pl\/index.php?rest_route=%2Fwp%2Fv2%2Fcomments&post=18487"}],"version-history":[{"count":0,"href":"https:\/\/parafia-lipusz.pl\/index.php?rest_route=\/wp\/v2\/pages\/18487\/revisions"}],"wp:attachment":[{"href":"https:\/\/parafia-lipusz.pl\/index.php?rest_route=%2Fwp%2Fv2%2Fmedia&parent=18487"}],"curies":[{"name":"wp","href":"https:\/\/api.w.org\/{rel}","templated":true}]}}