{"id":18567,"date":"2024-07-21T13:27:25","date_gmt":"2024-07-21T13:27:25","guid":{"rendered":"https:\/\/parafia-lipusz.pl\/?page_id=18567"},"modified":"2024-07-21T20:11:19","modified_gmt":"2024-07-21T20:11:19","slug":"poswiecenie-rowerow","status":"publish","type":"page","link":"https:\/\/parafia-lipusz.pl\/?page_id=18567","title":{"rendered":"Po\u015bwi\u0119cenie rower\u00f3w"},"content":{"rendered":"<p>ngg_shortcode_0_placeholder<div style=\"width: 750px;\" class=\"wp-video\"><video class=\"wp-video-shortcode\" id=\"video-18567-1\" width=\"750\" height=\"347\" preload=\"metadata\" controls=\"controls\"><source type=\"video\/mp4\" src=\"https:\/\/parafia-lipusz.pl\/wp-content\/uploads\/2024\/07\/VID-20240721-WA0012.mp4?_=1\" \/><a href=\"https:\/\/parafia-lipusz.pl\/wp-content\/uploads\/2024\/07\/VID-20240721-WA0012.mp4\">https:\/\/parafia-lipusz.pl\/wp-content\/uploads\/2024\/07\/VID-20240721-WA0012.mp4<\/a><\/video><\/div><\/p>\n","protected":false},"excerpt":{"rendered":"","protected":false},"author":1,"featured_media":0,"parent":0,"menu_order":0,"comment_status":"closed","ping_status":"closed","template":"","meta":{"ngg_post_thumbnail":0,"footnotes":""},"class_list":["post-18567","page","type-page","status-publish","hentry","nodate","item-wrap"],"_links":{"self":[{"href":"https:\/\/parafia-lipusz.pl\/index.php?rest_route=\/wp\/v2\/pages\/18567","targetHints":{"allow":["GET"]}}],"collection":[{"href":"https:\/\/parafia-lipusz.pl\/index.php?rest_route=\/wp\/v2\/pages"}],"about":[{"href":"https:\/\/parafia-lipusz.pl\/index.php?rest_route=\/wp\/v2\/types\/page"}],"author":[{"embeddable":true,"href":"https:\/\/parafia-lipusz.pl\/index.php?rest_route=\/wp\/v2\/users\/1"}],"replies":[{"embeddable":true,"href":"https:\/\/parafia-lipusz.pl\/index.php?rest_route=%2Fwp%2Fv2%2Fcomments&post=18567"}],"version-history":[{"count":0,"href":"https:\/\/parafia-lipusz.pl\/index.php?rest_route=\/wp\/v2\/pages\/18567\/revisions"}],"wp:attachment":[{"href":"https:\/\/parafia-lipusz.pl\/index.php?rest_route=%2Fwp%2Fv2%2Fmedia&parent=18567"}],"curies":[{"name":"wp","href":"https:\/\/api.w.org\/{rel}","templated":true}]}}