{"id":18745,"date":"2024-09-01T11:15:53","date_gmt":"2024-09-01T11:15:53","guid":{"rendered":"https:\/\/parafia-lipusz.pl\/?page_id=18745"},"modified":"2024-09-01T11:15:53","modified_gmt":"2024-09-01T11:15:53","slug":"blogoslawienstwo-dzieci-oraz-poswiecenie-tornistrow-i-przyborow-szkolnych","status":"publish","type":"page","link":"https:\/\/parafia-lipusz.pl\/?page_id=18745","title":{"rendered":"B\u0142ogos\u0142awie\u0144stwo dzieci oraz po\u015bwi\u0119cenie tornistr\u00f3w i przybor\u00f3w szkolnych."},"content":{"rendered":"<p>Podczas Mszy \u015awi\u0119tej o 11:15 po\u015bwi\u0119cone zosta\u0142y tornistry i przybory szkolne oraz pob\u0142ogos\u0142awione dzieci, kt\u00f3re rozpoczn\u0105 nauk\u0119 w &nbsp;pierwszej klasie. Ka\u017cdy otrzyma\u0142 tak\u017ce \u0107wiczenia do katechezy oraz s\u0142odk\u0105 niespodziank\u0119. Naszym dzieciom \u017cyczymy \u015bwiat\u0142a Ducha \u015awi\u0119tego w zdobywaniu wiedzy.&nbsp;<\/p>\n<p style=\"padding-left: 40px;\"><a href=\"https:\/\/parafia-lipusz.pl\/wp-content\/uploads\/2024\/09\/IMG_5495-scaled.jpeg\"><img loading=\"lazy\" decoding=\"async\" class=\"alignleft size-thumbnail wp-image-18746\" src=\"https:\/\/parafia-lipusz.pl\/wp-content\/uploads\/2024\/09\/IMG_5495-150x150.jpeg\" alt=\"\" width=\"150\" height=\"150\"><\/a> <a href=\"https:\/\/parafia-lipusz.pl\/wp-content\/uploads\/2024\/09\/IMG_5486-scaled.jpeg\"><img loading=\"lazy\" decoding=\"async\" class=\"alignleft size-thumbnail wp-image-18747\" src=\"https:\/\/parafia-lipusz.pl\/wp-content\/uploads\/2024\/09\/IMG_5486-150x150.jpeg\" alt=\"\" width=\"150\" height=\"150\"><\/a> <a href=\"https:\/\/parafia-lipusz.pl\/wp-content\/uploads\/2024\/09\/IMG_5492-scaled.jpeg\"><img loading=\"lazy\" decoding=\"async\" class=\"alignleft size-thumbnail wp-image-18748\" src=\"https:\/\/parafia-lipusz.pl\/wp-content\/uploads\/2024\/09\/IMG_5492-150x150.jpeg\" alt=\"\" width=\"150\" height=\"150\"><\/a> <a href=\"https:\/\/parafia-lipusz.pl\/wp-content\/uploads\/2024\/09\/IMG_5502-scaled.jpeg\"><img loading=\"lazy\" decoding=\"async\" class=\"alignleft size-thumbnail wp-image-18749\" src=\"https:\/\/parafia-lipusz.pl\/wp-content\/uploads\/2024\/09\/IMG_5502-150x150.jpeg\" alt=\"\" width=\"150\" height=\"150\"><\/a> <a href=\"https:\/\/parafia-lipusz.pl\/wp-content\/uploads\/2024\/09\/IMG_5515-scaled.jpeg\"><img loading=\"lazy\" decoding=\"async\" class=\"alignleft size-thumbnail wp-image-18750\" src=\"https:\/\/parafia-lipusz.pl\/wp-content\/uploads\/2024\/09\/IMG_5515-150x150.jpeg\" alt=\"\" width=\"150\" height=\"150\"><\/a> <a href=\"https:\/\/parafia-lipusz.pl\/wp-content\/uploads\/2024\/09\/IMG_5537-scaled.jpeg\"><img loading=\"lazy\" decoding=\"async\" class=\"alignleft size-thumbnail wp-image-18751\" src=\"https:\/\/parafia-lipusz.pl\/wp-content\/uploads\/2024\/09\/IMG_5537-150x150.jpeg\" alt=\"\" width=\"150\" height=\"150\"><\/a><\/p>\n","protected":false},"excerpt":{"rendered":"<p>Podczas Mszy \u015awi\u0119tej o 11:15 po\u015bwi\u0119cone zosta\u0142y tornistry i przybory szkolne oraz pob\u0142ogos\u0142awione dzieci, kt\u00f3re rozpoczn\u0105 nauk\u0119 w &nbsp;pierwszej klasie. Ka\u017cdy otrzyma\u0142 tak\u017ce \u0107wiczenia do katechezy oraz s\u0142odk\u0105 niespodziank\u0119. Naszym dzieciom \u017cyczymy \u015bwiat\u0142a Ducha \u015awi\u0119tego w zdobywaniu wiedzy.&nbsp;<\/p>\n","protected":false},"author":1,"featured_media":0,"parent":0,"menu_order":0,"comment_status":"closed","ping_status":"closed","template":"","meta":{"ngg_post_thumbnail":0,"footnotes":""},"class_list":["post-18745","page","type-page","status-publish","hentry","nodate","item-wrap"],"_links":{"self":[{"href":"https:\/\/parafia-lipusz.pl\/index.php?rest_route=\/wp\/v2\/pages\/18745","targetHints":{"allow":["GET"]}}],"collection":[{"href":"https:\/\/parafia-lipusz.pl\/index.php?rest_route=\/wp\/v2\/pages"}],"about":[{"href":"https:\/\/parafia-lipusz.pl\/index.php?rest_route=\/wp\/v2\/types\/page"}],"author":[{"embeddable":true,"href":"https:\/\/parafia-lipusz.pl\/index.php?rest_route=\/wp\/v2\/users\/1"}],"replies":[{"embeddable":true,"href":"https:\/\/parafia-lipusz.pl\/index.php?rest_route=%2Fwp%2Fv2%2Fcomments&post=18745"}],"version-history":[{"count":0,"href":"https:\/\/parafia-lipusz.pl\/index.php?rest_route=\/wp\/v2\/pages\/18745\/revisions"}],"wp:attachment":[{"href":"https:\/\/parafia-lipusz.pl\/index.php?rest_route=%2Fwp%2Fv2%2Fmedia&parent=18745"}],"curies":[{"name":"wp","href":"https:\/\/api.w.org\/{rel}","templated":true}]}}