{"id":23094,"date":"2025-10-22T08:31:36","date_gmt":"2025-10-22T08:31:36","guid":{"rendered":"https:\/\/parafia-lipusz.pl\/?page_id=23094"},"modified":"2025-10-22T08:34:29","modified_gmt":"2025-10-22T08:34:29","slug":"uroczystosci-religijno-patriotyczne-w-karpnie-2","status":"publish","type":"page","link":"https:\/\/parafia-lipusz.pl\/?page_id=23094","title":{"rendered":"Uroczysto\u015bci religijno- patriotyczne w Karpnie"},"content":{"rendered":"<p>W niedziel\u0119 19 pa\u017adziernika tradycyjnie ks. Proboszcz Jan Ostrowski odprawi\u0142 polow\u0105 Msz\u0119 \u015awi\u0119t\u0105 w Karpnie, w miejscu mordu dokonanego przez Niemc\u00f3w na ludno\u015bci cywilnej . W uroczysto\u015bci religijno-patriotycznej wzi\u0119\u0142o udzia\u0142 wielu parafian, go\u015bci i delegacji.<\/p>\nngg_shortcode_0_placeholder\n","protected":false},"excerpt":{"rendered":"<p>W niedziel\u0119 19 pa\u017adziernika tradycyjnie ks. Proboszcz Jan Ostrowski odprawi\u0142 polow\u0105 Msz\u0119 \u015awi\u0119t\u0105 w Karpnie, w miejscu mordu dokonanego przez Niemc\u00f3w na ludno\u015bci cywilnej . W uroczysto\u015bci religijno-patriotycznej wzi\u0119\u0142o udzia\u0142 wielu parafian, go\u015bci i delegacji.<\/p>\n","protected":false},"author":1,"featured_media":0,"parent":0,"menu_order":0,"comment_status":"closed","ping_status":"closed","template":"","meta":{"ngg_post_thumbnail":0,"footnotes":""},"class_list":["post-23094","page","type-page","status-publish","hentry","nodate","item-wrap"],"_links":{"self":[{"href":"https:\/\/parafia-lipusz.pl\/index.php?rest_route=\/wp\/v2\/pages\/23094","targetHints":{"allow":["GET"]}}],"collection":[{"href":"https:\/\/parafia-lipusz.pl\/index.php?rest_route=\/wp\/v2\/pages"}],"about":[{"href":"https:\/\/parafia-lipusz.pl\/index.php?rest_route=\/wp\/v2\/types\/page"}],"author":[{"embeddable":true,"href":"https:\/\/parafia-lipusz.pl\/index.php?rest_route=\/wp\/v2\/users\/1"}],"replies":[{"embeddable":true,"href":"https:\/\/parafia-lipusz.pl\/index.php?rest_route=%2Fwp%2Fv2%2Fcomments&post=23094"}],"version-history":[{"count":0,"href":"https:\/\/parafia-lipusz.pl\/index.php?rest_route=\/wp\/v2\/pages\/23094\/revisions"}],"wp:attachment":[{"href":"https:\/\/parafia-lipusz.pl\/index.php?rest_route=%2Fwp%2Fv2%2Fmedia&parent=23094"}],"curies":[{"name":"wp","href":"https:\/\/api.w.org\/{rel}","templated":true}]}}